 q is divided by 49.
42
Suppose 0 = -0*i - i + 241. Let q(h) = -170*h + 3433. Calculate the remainder when i is divided by q(20).
10
Let d(t) = t**3 - 10*t**2 - 38*t + 29. Let g be d(13). Calculate the remainder when 1062/g - (-4 + (-30)/(-7)) is divided by 11.
3
Let y(l) = -l**3 + 9*l**2 - l - 15. Let o be y(8). Suppose 31 + o = 3*n. What is the remainder when 113 is divided by ((-5)/(-5))/(n/23 + -1)?
21
Suppose 48*s - 4*a + 660 = 51*s, a = -11*s + 2461. Let j(m) = 3*m**2 + 6*m + 1. Calculate the remainder when s is divided by j(-5).
40
Let m(a) = 2*a**2 - 21*a - 121. Let n be (2 - 7) + (-5 - -4). What is the remainder when m(n) is divided by 21?
14
Suppose -4*u = -8*u + 96. Suppose -23*x - 32 = -u*x. Let k = -26 - -37. What is the remainder when x is divided by k?
10
Let p(v) = 26*v + 51. Let h be p(-14). Let d = -50 - h. Calculate the remainder when d is divided by 22.
21
Suppose -41 = -7*n - 153. Let b(a) = -a**3 - 18*a**2 - 34*a - 16. What is the remainder when 302 is divided by b(n)?
14
Let d(k) = -13*k - 20. Let t(v) = v**2 + 5*v - 3. Let i be t(-2). Let j be d(i). Let u = j + -94. Calculate the remainder when 28 is divided by u.
1
Suppose o + 15 = -3*u + 8*u, 4*u - 12 = -5*o. Suppose -3*t - 579 = -u*v, 0 = 5*t + 2 + 23. Calculate the remainder when v is divided by 24.
20
Let t = -217 + 238. Suppose -3*d + 418 = -5*q, -t*q + 257 = 2*d - 20*q. Calculate the remainder when d is divided by 34.
29
Let i(h) = h**2 + 3*h + 1. Let a be 2/(-4) - (-6 - 292/8). What is the remainder when (2/((-48)/a))/((-1)/12) is divided by i(-5)?
10
Let q(j) = -3*j**3 - 2*j**2 - j**3 + 5*j**3 - 2*j**3 - j + 38. Let m = -10 - -21. Calculate the remainder when q(0) is divided by m.
5
Suppose 42 - 880 = -97*c + 3527. What is the remainder when c is divided by 35?
10
Suppose 4*q = 2*q + 6. Let u(w) = 86*w. Let v be u(5). Let g = v - 420. Calculate the remainder when g is divided by q.
1
Let q(d) = -d**2 - 72*d + 7749. Let s = 2 - 3. What is the remainder when s/(-5) + 989/5 is divided by q(-131)?
18
Suppose 0 = -3*q - 4*b + 992, -4*q + 1306 = -16*b + 18*b. What is the remainder when q is divided by 106?
6
Let q(i) = 4*i**2 - 95*i + 66. What is the remainder when 2067 is divided by q(24)?
87
Let c(o) = o**3 - 30*o**2 + 5*o - 49. Let s be -15*2/4*-4. Calculate the remainder when c(s) is divided by 15.
11
Suppose 0 = -h + 1 - 4. Suppose q - 11 = -4*s, 14 = 14*q - 13*q + s. What is the remainder when (1 - h)/((-6)/(-39)) is divided by q?
11
Let v(w) = -6 - 4*w - 2*w**2 - 4*w + 5*w - 2*w - 4*w**3. What is the remainder when v(-2) is divided by 7?
0
Let b = 28 - 134. Let s be (-13)/(-3) - 4 - b/(-3). Calculate the remainder when (-2429)/s + (-6)/(-10) is divided by 18.
16
Suppose -14 = -26*p + 64. Suppose p*d + 262 = 4*i, 2*i - 2*d + 29 = 161. What is the remainder when i is divided by 18?
10
Let l = 31915 + -31787. Calculate the remainder when 871 is divided by l.
103
Let t(r) = r**2 - 66*r - 1363. What is the remainder when t(-17) is divided by 15?
3
Let v = -78 - -83. Suppose 4*f + 2*r = 156, 94 + 98 = v*f + 4*r. Calculate the remainder when f is divided by 24.
16
Let j(s) = 0 + 6*s - 4 + 4*s. Suppose -13*f - 330 = -24*f. Calculate the remainder when j(6) is divided by f.
26
Let y = 562 + -455. Let p = y + 41. What is the remainder when p is divided by 30?
28
Let f(v) = -105*v + 753. What is the remainder when 1237 is divided by f(7)?
13
Suppose -2*o + 5*o = 9. Suppose -2*k + 5*z = -19, 2*z + 3*z = -o*k + 41. Let p = -1 + k. What is the remainder when 75 is divided by p?
9
Let f = 338 + 4. Suppose 5*h = 23*h - f. What is the remainder when 71 is divided by h?
14
Let r = -5079 + 16406. What is the remainder when r is divided by 32?
31
Suppose -18593 = -107*w + 88407. Calculate the remainder when w is divided by 31.
8
Let v = -274 - -279. Suppose 367 = 2*x - 5*p, -5*x - v*p + p = -934. Calculate the remainder when x is divided by 27.
24
Let s(k) = 5*k**3 - 2*k**2 + 5*k - 11. Let m be s(4). Suppose -7*r + 10*r - m = 0. What is the remainder when r is divided by 23?
7
Suppose -5*d + 3600 = 1405*i - 1410*i, 1464 = 2*d - 5*i. Calculate the remainder when 739 is divided by d.
27
Let x = -111 + 188. Suppose 5*d - x - 87 = -3*b, 0 = 5*d + 5*b - 160. What is the remainder when 44 is divided by d?
10
Let z(t) = -t**2 - 30*t - 81. Suppose -4*m + 3*w = -0*w - 311, w - 217 = -3*m. Let c = -65 + m. Calculate the remainder when z(-25) is divided by c.
8
Suppose -197*w - 575 = -222*w. What is the remainder when 796 is divided by w?
14
Let m(g) = -7*g + 66. What is the remainder when 1017 is divided by m(-8)?
41
Suppose -4*t = r + 4*r - 39, 3*r = -t + 8. Suppose -t*h + 7461 = -2*h. Suppose 8 = -4*v, -6*c + h = -c + 3*v. What is the remainder when c is divided by 34?
31
Let r = 191047 - 190985. Let w(c) = 10*c**2 - 7. Calculate the remainder when w(5) is divided by r.
57
Suppose 29 + 101 = 2*i. Calculate the remainder when 1591/111*3*3 is divided by i.
64
Suppose 4*f + 1206*o = 1210*o + 396, -3*f - 3*o = -339. Calculate the remainder when 1035 is divided by f.
81
Suppose -x + 16 = 4*s - 15, 3*s - 163 = -4*x. Calculate the remainder when 379 is divided by x.
35
Let i(q) = 71*q - 4442. Calculate the remainder when 10752 is divided by i(113).
9
Suppose 10*a + 5*v = 125, -a + 6 = 2*a + 5*v. What is the remainder when 412 is divided by a?
4
Calculate the remainder when 4/9*-3 - 7640/(-60) is divided by 48.
30
Let k(z) = -7*z - 51. Let b be k(-8). Suppose -3*l = 2*q - 73, -b*l = -0 - 15. What is the remainder when 95 is divided by q?
31
Suppose -3*a + 27*a - 1025 = 3367. Calculate the remainder when a is divided by 115.
68
Suppose -1297 - 7506 = -42*r - 1789. What is the remainder when r is divided by 94?
73
Let i(r) = r**3 - 3*r**2 + 5*r - 8. Let v be i(3). Let q = 37 - v. Suppose q*f - 80 = 26*f. Calculate the remainder when 199 is divided by f.
19
Let p(n) = 11*n + 311. Let k(v) = -5*v - 2. What is the remainder when p(-20) is divided by k(-7)?
25
Let s = -390 - -555. Suppose -3*a - k + 171 = 0, 0 = -2*a + 5*a - k - s. Calculate the remainder when a is divided by 15.
11
Let s = -6903 + 7409. What is the remainder when s is divided by 73?
68
Let y(d) = -128*d + 31. Suppose 0 = u - 13 - 6. What is the remainder when y(-3) is divided by u?
16
Let t be 268/(0 - (-18)/207). Suppose 680 = 19*m - t. What is the remainder when m is divided by 38?
8
Let w(s) = -10*s**3 - s**2 + 35*s + 63. What is the remainder when 272 is divided by w(-2)?
65
Suppose -202*i = -203*i + 37. Let x(h) = h**2 - 3*h + 4. Calculate the remainder when i is divided by x(4).
5
Let l = 238 + -60. Calculate the remainder when l is divided by -4 + 10 + -2 + (30 - -4).
26
Let v(n) = 70*n - 424. Calculate the remainder when v(15) is divided by 110.
76
Suppose 3*g + 5*r + 58 = 7*g, 3*r = 5*g - 79. Suppose -g + 54 = h. Suppose -h = -2*i - 7. Calculate the remainder when 59 is divided by i.
14
Suppose 3*h - g = 512, 17*h - 13*h = 5*g + 657. What is the remainder when h is divided by 11?
8
Let m = 73033 - 72995. What is the remainder when m is divided by 0/(-1) + (11 - -1)?
2
Let b = -8630 + 9020. What is the remainder when 828 is divided by b?
48
Let z be 11/7 - ((-36)/(-42))/(-2). Suppose -t + 48 = z*u - u, -5*t + 5 = 0. Let o = -37 + u. Calculate the remainder when o is divided by 7.
3
What is the remainder when 224 is divided by 6 + -25 + 92 + 0 + -5*1?
20
Let d = 95 + -69. Suppose -f - 30 = -4*f. Calculate the remainder when d is divided by f.
6
Let h = 18 + 83. Suppose -184 = -46*i + 254 - 162. Calculate the remainder when h is divided by i.
5
What is the remainder when (-2)/5 - (-38512)/80 is divided by 19?
6
Suppose -115 = -t + 5*m - 97, 0 = -4*t + m - 4. Calculate the remainder when 165 is divided by 37 - (-4 + (3 - (t + 4))).
5
Suppose 5*r - 82 - 52 = 4*n, 3*r + 2*n - 76 = 0. What is the remainder when (47 + 8236/(-174))/((1/345)/(-1)) is divided by r?
11
Calculate the remainder when 371 is divided by -905*11/(-110)*2.
9
Let p = -53 + 65. Suppose -p*k + 135 = 39. Suppose -y + 0*f + k = 2*f, -2*y + 12 = 2*f. What is the remainder when y is divided by 2?
0
Suppose 4*m - 56 = -2*c - 4, -c + 4*m + 20 = 0. Let z be c/72 - (-124)/(-3). Let b = 104 + z. What is the remainder when b is divided by 17?
12
Let s(n) = 16*n - 52. 